4. Let n be c(-10). Suppose 2*g = -n*w + 150, g - 8 = w + 76. Let y = 110 + -56. Calculate the highest common factor of g and y.
27
Suppose -12*u = -14*u + 432. Calculate the highest common divisor of 27 and u.
27
Let w(l) = l**3 - 18*l**2 + 17*l + 17. Let s be w(17). Calculate the highest common divisor of 391 and s.
17
Suppose 0 = -5*k - 3 - 2. Let j be (2/(-1))/(k - 0). Suppose -2*r = j*v - 14, 5*r = -4*v - 6 + 41. What is the greatest common factor of r and 7?
7
Let o be (-4 - 11)*(8 + -1 + -80). Calculate the greatest common factor of o and 15.
15
Let c = -25 + 33. Suppose -2*d = -f - 2 + c, -5*f - 4*d = -16. What is the greatest common factor of f and 36?
4
Suppose -2*l = 3*l - 50. What is the highest common divisor of 130 and l?
10
Suppose 54 = -5*h + 174. What is the greatest common divisor of h and 9?
3
Suppose -8*u + 16*u - 96 = 0. Let h = -125 + -25. Let s be (h/u)/((-2)/4). Calculate the greatest common divisor of s and 10.
5
Let g = -19 + 27. Suppose -g*k + 240 = 80. What is the highest common divisor of k and 50?
10
Let f = -179 - -777. What is the greatest common factor of f and 92?
46
Let j(d) = -4*d - 18. Let n be j(-5). Suppose n*g + 0*g = 20. Calculate the greatest common divisor of 90 and g.
10
Let d = 81 + -48. Suppose -5*a - 3*n = -49, -3*n = 4*a - 8 - 30. What is the highest common factor of a and d?
11
Let b be ((-1)/(-2))/(((-1)/(-114))/((-30)/(-90))). Let i(v) = 20*v**3 - 2*v**2 + v - 2. Let c be i(2). Calculate the greatest common divisor of b and c.
19
Let x(n) = -2*n - 6. Let m(z) = -1 + 1 - z - 2 - 1. Let i be m(3). Let p be x(i). What is the greatest common divisor of 24 and p?
6
Let b = 524 - 520. Let o = -4 + 6. What is the highest common factor of b and o?
2
Let f(w) = -w + 41. Let q be f(32). Calculate the greatest common factor of 12 and q.
3
Let d = -464 + 516. Calculate the highest common divisor of 650 and d.
26
Suppose -2*v + 6*v = -x + 2396, -4*x - 16 = 0. What is the greatest common divisor of 75 and v?
75
Suppose -1 = -2*r + 3. Let b be 68/r + (-7 - -7). Calculate the greatest common divisor of 102 and b.
34
Suppose x + 0*h - h - 255 = 0, -5*x + 1285 = -3*h. Calculate the greatest common divisor of x and 120.
20
Let i(j) = 2*j - 7. Let q be i(6). Suppose 0 = n - q*n + 68. What is the highest common divisor of 17 and n?
17
Suppose 4*i + 0*i = 40. Let b = i + 1. Let v(z) = -4*z**3 + 4*z + 3. Let f be v(-3). What is the greatest common factor of b and f?
11
Suppose 0 = 13*l - 26*l + 26. What is the greatest common factor of l and 18?
2
Let f(r) = -r**2 + 3*r - 5. Let a be f(7). Let q = -14 - a. Calculate the greatest common factor of 57 and q.
19
Suppose c - 4*c = 960. Let a be (-4)/(-6) - c/6. Let l = -142 - -148. Calculate the greatest common factor of a and l.
6
Let l(m) = 3*m - 1. Let o = -16 + 21. Let u be l(o). Suppose 0 = 2*k - 8, -2*s - 4*k = -34 + 4. What is the greatest common divisor of s and u?
7
Let k(n) = n**2 + 6*n + 4. Let g be k(-6). Suppose 4*b - 1 = -17, -g*b - 808 = 4*q. Let d be 6/15 + q/(-5). Calculate the highest common factor of 8 and d.
8
Let f = -23 - -68. Let p = -471 + 476. What is the highest common divisor of f and p?
5
Suppose 4 = -5*g + 3*g. Let v be (9/4)/(g/(-8)). Let d be (-1 + 2)*1 - 0. What is the greatest common factor of v and d?
1
Let t = -301 + 376. What is the greatest common factor of 6 and t?
3
Suppose 0 = -27*o + 3*o + 1152. What is the highest common factor of 60 and o?
12
Let n = 2 + 12. Let c(j) = 22*j**3 - 3*j + 2. Let d be (-2)/5*5*(-2)/4. Let b be c(d). What is the highest common factor of n and b?
7
Let l(k) = -52*k**2 - 4*k - 2. Let f be l(-1). Let p = 165 + f. Let h = 69 - 23. What is the highest common factor of h and p?
23
Suppose 4*a - 5*a - z + 71 = 0, 2*a - 2*z = 130. What is the highest common factor of 68 and a?
68
Suppose 4*n + 5 = 5*y, 6*y = -3*n + 3*y + 30. Suppose 0 = -2*m + 2*c + 182, 0 = n*c + 5 + 15. What is the highest common divisor of 29 and m?
29
Let a be (-19)/(-2) - (-5)/((-10)/3). Suppose -a - 36 = -u. Calculate the greatest common factor of 352 and u.
44
Suppose 5*b = 3*i + 1395, -181 + 1576 = 5*b - 4*i. What is the greatest common divisor of 9 and b?
9
Let i(o) = o**3 + 26*o**2 - 21*o + 201. Let t be i(-27). What is the highest common divisor of t and 1443?
39
Let r be (0 + 1)*2 - 1. Suppose 5*x = 5*q + 15, -3*q - 51*x + 11 = -49*x. Calculate the highest common divisor of r and q.
1
Let s be 200/5 - (5 + -4)*-2. Calculate the greatest common divisor of 1862 and s.
14
Suppose 23*r - 11 - 564 = 0. What is the greatest common divisor of 225 and r?
25
Let r(b) = b + 20. Let n be r(-8). Let x = 13 - n. Suppose -8 = q + 2*c + c, -45 = -5*q + 2*c. What is the greatest common divisor of q and x?
1
Let l = -2013 - -2034. What is the greatest common factor of 161 and l?
7
Suppose 4*y - 1 = v, -25*y - 37 = -5*v - 26*y. Let f(k) = -4*k**3 + 3*k + 2. Let g be f(-2). What is the highest common divisor of g and v?
7
Let u be (-9)/6*-10 + 1. Suppose -v = -2*v - q + 5, -4*v + 38 = -2*q. What is the greatest common divisor of u and v?
8
Let h be (-9 + 3)/((-6)/4). Let y = -33 - -53. Suppose -h*k = -20 - y. Calculate the greatest common divisor of 80 and k.
10
Let n = 267 + -262. Suppose -3*x + 3 = -42. What is the greatest common divisor of x and n?
5
Let o(f) = -f**3 - f**2 - f - 1. Let t be o(-2). Suppose -50 = -2*w - 3*z, t*z + 65 = 3*w - 10. Calculate the highest common factor of w and 15.
5
Suppose -3*w = 33 + 93. Let k be (-6)/21 - 3792/w. What is the greatest common divisor of k and 36?
18
Let p = -1 + -6. Let b be 1254/(-42) - (-1)/p. Let s be (1/(-3))/(2/b). What is the highest common divisor of 55 and s?
5
Let u be 2/3 - (-70)/(-6). Let v = 19 + u. Suppose -8*k + 848 = v. What is the greatest common factor of 15 and k?
15
Let s(h) = h**2 + 2. Let w be s(-3). Let l(z) = -10*z + 21. Let u be l(-10). Calculate the greatest common divisor of u and w.
11
Let d be 1/(-2) - (-50)/20. Let h be 1/d + 717/6. Calculate the highest common divisor of 24 and h.
24
Let p(f) = 23*f + 25. Let l be p(5). What is the greatest common factor of 120 and l?
20
Let b = 6 + -2. Let r be 143/2 + 2/b. Let g = -18 - -26. Calculate the highest common divisor of r and g.
8
Let b be 9/(9/5) - -219. Calculate the highest common divisor of b and 96.
32
Let p be (128/(-16))/(1 + -3). Suppose -p*h = 4*w - 120, 2*w - 3*h = -0*w + 50. Calculate the highest common factor of w and 7.
7
Let n be ((-16)/(-8) - -38)*(-130)/(-8). Calculate the greatest common factor of 78 and n.
26
Let p be (-2)/(-5) - 92/(-20). Suppose -4 = p*n + 1. Let f be 28/8*(1 - n). Calculate the highest common divisor of 1 and f.
1
Suppose -49*k + 43*k = -150. Let r = k + -18. Calculate the greatest common divisor of 2 and r.
1
Suppose -p - 3 = 0, 0 = 3*f - f - p - 157. Let d(r) = 6*r. Let n be d(0). Suppose n = -a - 4*a + 55. Calculate the highest common divisor of a and f.
11
Let b = 190 + -166. What is the highest common divisor of b and 64?
8
Let f = -36 + 120. What is the greatest common divisor of 210 and f?
42
Let t be -68*7/14*-1. What is the greatest common factor of 34 and t?
34
Let s = -75 + 225. Let y be (5 + -2)/(18/s). Calculate the greatest common factor of 100 and y.
25
Let p be 107 - 12/8*16/12. Let u(h) = 15*h**2 - h - 1. Let o be 1*(1 + -2 + 0). Let x be u(o). What is the greatest common factor of p and x?
15
Suppose 2*m = -20*m + 748. What is the greatest common divisor of 34 and m?
34
Let r be -3 + (-2)/((-4)/58). Let s = r + -5. Calculate the highest common factor of 3 and s.
3
Let u(m) = -3*m**3 + 3*m**2 - 2*m - 2. Let t be u(2). Let s be 48/(-2)*6/t. Calculate the highest common factor of 2 and s.
2
Suppose -2*y - 3 = -3*y. Suppose y*r + 12 = 4*r. What is the highest common divisor of r and 96?
12
Suppose -29 = -4*y + 19. Let i(c) = 6*c**2 - 9*c + 9. Suppose -14*w + 6*w = -24. Let n be i(w). What is the greatest common factor of y and n?
12
Let m(o) = -3*o + 4*o + 0*o**2 + 2*o**2 - 3. Let q be m(-4). Let j = -15 + q. What is the highest common divisor of j and 80?
10
Let c = 12 + 0. Let y be c/18 - (-20)/(-3). Let v be (25/15)/((-2)/y). What is the greatest common factor of 2 and v?
1
Let g(a) = -52*a - 153. Let i be g(-4). Let v be (-6)/(-4)*(-10)/(-3). What is the highest c